
-69
Let h(z) = -7*z**2 - 127*z + 2894. What is h(20)?
-2446
Let v(p) = 64962*p + 714562. What is v(-11)?
-20
Let q(j) = -2284*j - 1539402. Calculate q(-674).
14
Let z(f) = f**2 - 5645*f - 39550. Determine z(-7).
14
Let c(d) = -260*d - 216. What is c(5)?
-1516
Let q(b) = b**3 + 115*b**2 - 6595*b - 152. What is q(-157)?
5
Let p(j) = -2268*j + 852620. Calculate p(376).
-148
Let q(x) = 80238*x + 1925767. Give q(-24).
55
Let k(q) = 22*q**3 - 2331*q**2 - 93*q - 1383. Give k(106).
-5
Let h(t) = 6*t**2 + 208*t - 430. What is h(-42)?
1418
Let c(p) = 2*p**2 + 358036*p - 1074113. Determine c(3).
13
Let w(u) = -90490*u + 904861. Give w(10).
-39
Let g(s) = -2142*s + 299866. Determine g(140).
-14
Let r(z) = z**3 + 94*z**2 - 458*z - 25854. What is r(-96)?
-318
Let z(t) = 14*t**2 - 4039*t + 12101. Determine z(3).
110
Let z(t) = -1809*t - 47048. What is z(-26)?
-14
Let g(b) = -107841*b**2 - 431353*b + 7. Give g(-4).
-37
Let w(m) = 2911*m**2 - 34924*m - 71. Give w(12).
25
Let l(o) = 55416*o + 1662379. What is l(-30)?
-101
Let k(h) = 2*h**3 + 644*h**2 - 2628*h - 6460. Determine k(-326).
60
Let i(t) = 2288446*t + 4576910. Determine i(-2).
18
Let j(u) = 10*u**2 + 74*u - 137. Give j(-13).
591
Let y(z) = -z**3 - 30*z**2 + 237*z + 8716. Determine y(-24).
-428
Let m(g) = 2*g**3 - 96*g**2 + 499*g + 331. Determine m(42).
121
Let s(w) = -w**2 + 2392*w + 3258. Give s(0).
3258
Let b(h) = -2*h**3 + 2144*h**2 - 2143*h + 1135. What is b(1071)?
64
Let o(d) = 25038*d + 350395. Give o(-14).
-137
Let w(o) = -65796*o - 3421383. Determine w(-52).
9
Let t(s) = -5052*s + 2485628. Determine t(492).
44
Let x(n) = -n**2 - 5375*n + 430868. Calculate x(79).
2
Let w(s) = -s**3 - 99*s**2 - 221*s - 61. What is w(-97)?
2558
Let k(l) = -4*l**3 + 14*l**2 + 13*l - 123. Determine k(6).
-405
Let h(i) = i**3 + 322*i**2 - 998*i - 7467. Determine h(-325).
8
Let r(w) = 400*w**2 - 315594*w - 4752. Determine r(789).
-18
Let d(t) = 18*t**2 - 9883*t - 39829. What is d(-4)?
-9
Let t(s) = -s**3 - 42*s**2 + 482*s + 25634. Calculate t(-34).
-2
Let k(z) = 25*z - 1358. Determine k(41).
-333
Let a(f) = -17*f**2 + 20078*f - 1178. What is a(1181)?
3
Let l(y) = -2*y**2 - 416*y - 15731. Give l(-158).
69
Let g(b) = -8*b**3 - 2894*b**2 + 927*b + 73483. Calculate g(-362).
-3
Let l(w) = -w**3 - 19*w**2 - 101*w - 750. Give l(-15).
-135
Let s(b) = -5567*b + 439829. Give s(79).
36
Let k(m) = -m**3 + 38*m**2 - 53*m + 2056. Calculate k(38).
42
Let s(z) = 290*z - 23091. Calculate s(79).
-181
Let y(a) = 812*a - 38905. Give y(48).
71
Let f(a) = -5*a**2 - 17*a + 339. Give f(-6).
261
Let l(p) = p**3 + 42*p**2 - 310*p + 5. Give l(0).
5
Let r(q) = 16421*q - 82081. Calculate r(5).
24
Let h(c) = -10*c**2 - 145*c + 297. What is h(-14)?
367
Let h(j) = -217356*j - 651989. What is h(-3)?
79
Let v(i) = -233*i - 20469. What is v(-88)?
35
Let g(b) = 23122*b + 1109849. Give g(-48).
-7
Let l(f) = 2136*f + 70516. Give l(-33).
28
Let z(i) = 41*i**2 - 399*i - 127. Give z(10).
-17
Let w(a) = -4*a**3 + 6*a**2 - 53*a + 493. Calculate w(7).
-956
Let f(u) = 699*u - 28960. Determine f(41).
-301
Let o(z) = -7*z**3 - 748*z**2 - 19070*z - 90. Give o(-42).
-6
Let k(w) = w**2 - 3122*w + 86626. Give k(28).
-6
Let n(q) = q**3 + 25*q**2 - 261*q - 34. What is n(-33)?
-133
Let j(x) = x**3 - 3*x**2 + 55*x - 348. Determine j(5).
-23
Let z(m) = -m**3 - 102*m**2 + 1227*m + 50590. What is z(-109)?
14
Let o(t) = 819*t - 83514. Give o(102).
24
Let b(c) = -3*c**3 + 5*c**2 + 115*c + 85. What is b(-8)?
1021
Let j(u) = 45*u + 1657. Determine j(-39).
-98
Let t(n) = n**2 - 7*n - 494. Calculate t(36).
550
Let w(y) = y**3 - 63*y**2 + 211*y - 22188. What is w(65)?
-23
Let a(z) = -z**2 + 2299*z - 1034590. Calculate a(614).
0
Let k(r) = -2*r**3 - 33*r**2 - 584*r - 8168. Give k(-14).
-972
Let p(h) = -5*h**3 - 247*h**2 - 335*h + 70. Give p(-48).
22
Let j(r) = -9025499*r + 36101996. What is j(4)?
0
Let h(p) = p**3 + 13*p**2 - 38*p + 1444. Calculate h(-19).
0
Let w(x) = -x**3 - x**2 + 13*x - 2. What is w(2)?
12
Let w(g) = -g**3 + 74*g**2 - 990*g + 3642. Give w(7).
-5
Let a(o) = -371*o - 11517. Give a(-31).
-16
Let j(k) = 4*k**3 + 8*k**2 - 116*k + 157. Determine j(-7).
-11
Let d(s) = s**3 + 290*s**2 - 8557*s - 28. Determine d(27).
26
Let i(q) = -2*q**3 - 284*q**2 - 551*q - 712. Give i(-140).
-1972
Let k(m) = m**3 - 39*m**2 + 181*m + 150. Determine k(26).
-3932
Let j(l) = -527*l**2 - 43739*l + 123. What is j(-83)?
-43
Let a(m) = m**2 - 519*m - 37297. Calculate a(-64).
15
Let k(u) = 2*u**3 - 611*u**2 - 91417*u - 766. Give k(-110).
4
Let v(t) = t**2 + 303*t + 19754. Calculate v(-92).
342
Let y(r) = -r**3 - 8*r**2 + 2892*r + 309. What is y(50)?
-91
Let a(p) = p**3 - 206*p**2 + 3719*p + 222. Give a(186).
36
Let m(n) = -860*n**2 + 23531*n - 8391. Give m(27).
6
Let m(o) = 2*o**3 + 36*o**2 + 3361*o + 49044. Determine m(-15).
-21
Let v(n) = -3020*n - 100585. Determine v(-33).
-925
Let n(s) = 16*s - 2459. Give n(119).
-555
Let j(d) = -d**3 - 239*d**2 + 2418*d - 17926. Give j(-249).
2
Let s(r) = -r**2 + 198*r - 9558. Determine s(110).
122
Let d(v) = -9*v**2 + 4162*v + 58078. Give d(476).
6
Let t(w) = 886258*w + 1772537. Determine t(-2).
21
Let y(q) = 1711*q + 32111. Determine y(-18).
1313
Let f(d) = -2*d**2 + 243*d - 6681. Give f(81).
-120
Let w(k) = 3*k**3 - 48*k**2 + 17*k + 168. Give w(14).
-770
Let f(o) = o**2 - 1558*o + 44336. Give f(29).
-5
Let y(p) = 88553*p + 12840189. Calculate y(-145).
4
Let z(w) = 1924*w - 467542. Give z(243).
-10
Let y(j) = -837*j**2 - 374*j + 375. What is y(1)?
-836
Let t(n) = 21*n**3 - 2058*n**2 - 18*n + 1736. Calculate t(98).
-28
Let g(q) = -87*q**2 + 1251*q - 471. Determine g(14).
-9
Let a(p) = 9*p**2 - 226*p + 1372. Give a(6).
340
Let g(y) = 994*y + 291240. Calculate g(-293).
-2
Let j(k) = -5*k**3 + 146*k**2 + 114*k + 193. Calculate j(30).
13
Let s(y) = -117300*y - 586800. What is s(-5)?
-300
Let q(f) = 2466*f - 229337. Give q(93).
1
Let g(w) = w**2 - 44115*w - 1147657. Give g(-26).
9
Let t(d) = 671*d - 548. Give t(4).
2136
Let g(v) = -1009*v - 47430. Determine g(-47).
-7
Let c(a) = 23*a**2 - 153*a - 28. Determine c(7).
28
Let d(j) = -j**3 - 18*j**2 + 83*j - 32. Determine d(5).
-192
Let h(x) = 6*x**3 + 156*x**2 + 275*x - 25. Calculate h(-24).
287
Let v(c) = -2*c**3 + 31*c**2 - 29*c + 471. Determine v(14).
653
Let c(l) = l**2 + 694*l - 65360. Calculate c(84).
-8
Let u(p) = 672*p - 26454. What is u(39)?
-246
Let t(i) = -i**3 + 112*i**2 - 2855*i - 1002. Calculate t(40).
-2
Let k(i) = -104*i - 12490. Determine k(-128).
822
Let j(y) = 34174*y - 990971. What is j(29)?
75
Let t(h) = -h**2 - 136*h + 121541. Give t(-423).
140
Let b(o) = -45*o**2 - 1521*o + 6665. Determine b(4).
-139
Let x(y) = 13*y**2 + 1277*y + 8487. Give x(-91).
-67
Let w(n) = 129374*n - 129356. Determine w(1).
18
Let n(j) = -2*j**2 - 63*j + 797. Determine n(13).
-360
Let c(h) = -625*h - 2791. Calculate c(-4).
-291
Let r(m) = 597*m - 32775. Calculate r(55).
60
Let p(l) = -l**3 - 505*l**2 - 2809*l - 1677215. Determine p(-506).
175
Let j(m) = -18*m**3 - 74*m**2 + 174*m + 695. Give j(-3).
-7
Let d(m) = m**3 + 8*m**2 - 163*m + 22. Determine d(-18).
-284
Let h(g) = -9*g**3 - 1965*g**2 + 1313*g - 709. Determine h(-219).
-490
Let q(r) = 18391*r + 183911. Calculate q(-10).
1
Let d(q) = -19*q**3 - 6*q**2 - 13*q + 71. Calculate d(3).
-535
Let f(a) = -2*a**3 - 13*a**2 - 112*a - 260. What is f(-5)?
225
Let q(v) = -2*v**3 - 21*v**2 - 263*v - 3816. Calculate q(-13).
448
Let y(c) = 15*c**2 + 2*c - 208. Determine y(-9).
989
Let r(p) = -2269*p + 97609. Give r(43).
42
Let s(l) = 27539*l + 908761. What is s(-33)?
-26
Let f(v) = 189726*v + 18213712. Calculate f(-96).
16
Let r(s) = 2*s**3 + 240*s**2 + 1641*s + 196922. Determine r(-120).
2
Let q(a) = -2183058*a - 58942572. Give q(-27).
-6
Let u(h) = 137*h**3 + 15757*h**2 + 190*h - 4594. What is u(-115)?
6
Let b(o) = -14*o**3 + 98*o**2 + 47*o - 8. Determine b(7).
321
Let i(h) = 11425*h**2 + 11426*h + 1. Determine i(-1).
0
Let l(d) = -4*d**3 + 72*d**2 + 109*d - 2228. Calculate l(17).
781
Let u(n) = n**3 - 6*n**2 - 1379*n + 4161. Determine u(3).
-3
Let j(y) = -10*y**2 - 2681*y - 159534. Calculate j(-179).
-45
Let a(q) = 2941*q - 15173. Give a(5).
-468
Let w(r) = 2*r**3 + 56*r**2 - 9918*r - 3369. Determine w(58).
-5
Let s(p) = -128084*p + 768594. Calculate s(6).
90
Let h(